remainder when k is divided by (-3 + 1)/(7/245*-5)?
12
Suppose 2*l = -5*b + 552 + 386, 5*b - 945 = 5*l. Suppose -4*u - y = -3*y + 154, -b = 5*u + 2*y. Let h = u - -64. What is the remainder when h is divided by 8?
2
Let u(z) = -3*z**3 - 3*z**2 + 6*z + 7. Let w(r) = -9*r**3 - 9*r**2 + 19*r + 22. Let g(m) = 7*u(m) - 2*w(m). What is the remainder when 20 is divided by g(-2)?
2
Suppose 874*t - 1846*t = -921*t - 1224. Calculate the remainder when (35/2)/((-1)/(-2)) is divided by t.
11
Let z = -3038 - -3659. What is the remainder when z is divided by 3?
0
Let o = 9471 - 9274. What is the remainder when 617 is divided by o?
26
Suppose 0 = w - 3*r - 164, -3*w + 11*r + 462 = 7*r. Calculate the remainder when 212 is divided by w.
66
Suppose 5*d + 6*s - 1171 = 2*s, 0 = 5*d - 3*s - 1178. Let b = 250 - d. Calculate the remainder when 33 is divided by b.
3
Let i be 364/(-30) + 2 + (-66)/(-495). What is the remainder when 43 is divided by (-650)/195*12/i?
3
Let m(h) = 1 + h + 44 - 23. Suppose -4*g - 57 = -7*g. What is the remainder when g is divided by m(-12)?
9
Suppose -o - 5*v + 31 + 19 = 0, o + v = 42. Suppose 2*d - 2 = o. What is the remainder when 41 is divided by d?
20
What is the remainder when 601 is divided by (-10)/15 - 3212/(-84) - (-48)/112?
31
Suppose -37*j + 2598 = -880. Let v = -84 + j. Calculate the remainder when 215 is divided by v.
5
Let d(a) = -18*a - 32. Let x(n) = -9*n + 23. Let g be x(3). Calculate the remainder when d(g) is divided by 14.
12
Suppose -t = -4 + 1. Suppose -5*m = -t*m - 12. Suppose -3*n = 3*s - 30, 4*n - 2445 = 2*s - 2435. What is the remainder when m is divided by s?
1
Let b(w) = -w**3 + 9*w**2 + 12*w - 6. Let g be b(10). Let c(f) = f**2 - 8*f - 34. Calculate the remainder when c(g) is divided by 9.
5
Let t be (-14)/(980/42) - 56/(-10). Suppose -3*b - t*o + 260 = -185, -5*b = 3*o - 747. Calculate the remainder when b is divided by 42.
24
Suppose -5*m + 3124 = 11*m - 5*m. Calculate the remainder when m is divided by 75.
59
Suppose -5*p = -2*l - 511, 4*p - 262 = -l + 126. What is the remainder when 9798 is divided by p?
96
Let l(x) = -4*x**3 - 60*x**2 - 11*x - 69. Let i = 48 - 14. What is the remainder when l(-15) is divided by i?
28
Suppose 0 = -0*b - b + 10. Suppose 1426 = -44*x + 106*x. What is the remainder when 0 - b*(-16)/1 is divided by x?
22
Let q(j) = 4*j**2 + 33*j - 16. Calculate the remainder when 671 is divided by q(4).
131
Suppose 2*d = 3*d - 14. Let y = 65 + -60. Suppose 82 = -3*f + y*f. Calculate the remainder when f is divided by d.
13
Suppose 4*y = n + 157, -3*y + 113 = -52*n + 56*n. Calculate the remainder when 280 is divided by y.
7
Let v = -10730 - -11159. What is the remainder when v is divided by 27?
24
Let j = -46 + 45. Let t(z) = z. Let g be t(j). Calculate the remainder when 34 is divided by -1*g*(-1 - 3) - -16.
10
Suppose -23*r + 862 = -3462. Suppose 11*b = r - 23. Calculate the remainder when 222 is divided by b.
12
Let k(f) be the second derivative of -8*f + 0 + 1/2*f**3 - 4*f**2. Calculate the remainder when k(11) is divided by 9.
7
Let n(d) = -9*d**2 - 51*d - 12. Let f = 941 + -946. Calculate the remainder when 1546 is divided by n(f).
16
Suppose 0 = 37*u - 39*u - 7*m + 718, 5*m + 376 = u. What is the remainder when 1476 is divided by u?
12
Let c(z) = z**3 + 7*z**2 - 4*z - 9. Let j = 3821 + -3559. What is the remainder when j is divided by c(-7)?
15
Let n be (-1 - 1)*(0 - 1). Suppose 2*x - 2 = n*p, 0*p + 15 = p + 3*x. Suppose 113 = p*m - 67. What is the remainder when m is divided by 31?
29
Let p = -7292 + 9232. What is the remainder when p is divided by 67?
64
Suppose -11*j + 4664 = 10*j + j. What is the remainder when 555 is divided by j?
131
Let z = 2991 + -2990. What is the remainder when 472 is divided by z?
0
Let q(f) = 18*f + 142. Let a be q(-22). Let w = -129 - a. Calculate the remainder when w is divided by 8.
5
What is the remainder when (-30)/5 + -2 + 7 + 4268 is divided by 11?
10
Suppose -29 + 19 = -2*i. Let x = 752 + -534. Suppose 48 = m - 3*l, 4*m - x = i*l + 2. What is the remainder when m is divided by 31?
29
Let r(y) = 3*y - 1. Let s be r(-13). Let x = s + 44. Suppose w - 20 - 168 = -c, 752 = x*c - 4*w. What is the remainder when c is divided by 48?
44
Let p(w) = w**2 + 2*w - 3. Let j be p(1). Suppose 0 = -g - 4*q + q + 63, j = 2*g - 4*q - 96. What is the remainder when g is divided by 7?
5
Calculate the remainder when 1151 is divided by 165/(-483) - 88/1012 - (-2656)/7.
14
Suppose -11*d + 510 = -1371. Let y = 328 - d. Calculate the remainder when y is divided by 21.
10
Let k(r) = r + 18. Let q = -22 + 29. Calculate the remainder when q is divided by k(-14).
3
Let l(p) = 6*p - 37. Suppose -t + 14 + 23 = 0. Suppose -1 = 4*v - t. Calculate the remainder when v is divided by l(7).
4
Let d = 71 - 68. Suppose -d*h + 5*p + 68 = 0, -22 - 64 = -4*h + 2*p. Calculate the remainder when h is divided by 8.
5
Suppose -2*p = 2*y, -4*y - 15 + 35 = 0. What is the remainder when ((-26)/6)/((-2)/18) + p is divided by 14?
6
Calculate the remainder when 5039 is divided by (-126)/(-1) - (3 + (1 - -2)).
119
Let j = 302 - 303. Let r(u) = 433*u**2 - 2. Calculate the remainder when r(j) is divided by 54.
53
Suppose 5*o - 2*y - 35 - 22 = 0, 4 = -4*y. What is the remainder when 140 is divided by (101 - o)*((-36)/(-15) + -2)?
32
Let j = -65 - -114. Let a = -866 + 1057. What is the remainder when a is divided by j?
44
Let u be (1/(-2))/(2/20). Let n(g) = 5*g - 32. Let p(j) = -11*j + 72. Let y(l) = -7*n(l) - 3*p(l). What is the remainder when y(u) is divided by 7?
4
Let k(s) = -1242*s - 9 + 2505*s - 1241*s. Calculate the remainder when k(7) is divided by 4.
1
Let y(a) = -a**3 - 17*a**2 - 27*a + 46. Let r be y(-15). What is the remainder when 238 is divided by ((-1120)/(-48))/(-4*r/(-6))?
28
Suppose -746 - 318 = -76*a. Suppose 3*t - 15 = 0, -g = a*t - 10*t - 36. Calculate the remainder when (-1108)/(-7) - 4/14 is divided by g.
14
Let d(p) = 9*p + 223. What is the remainder when d(9) is divided by 14?
10
Let r = 10873 - 10755. Calculate the remainder when r is divided by 2.
0
Suppose -13*d = -11*d - 61 - 1. What is the remainder when 1765 is divided by d?
29
Suppose 198627 - 191877 = 27*f. Let s = -132 - -195. Calculate the remainder when f is divided by s.
61
Let r = -6155 + 6165. Calculate the remainder when 223 is divided by r.
3
Let w = 6684 + -4737. Calculate the remainder when w is divided by 19.
9
Suppose 24 - 40 = -4*s - 2*b, -4*b + 11 = s. Suppose 5*v + s*v - 168 = 0. Calculate the remainder when 109 is divided by v.
4
Calculate the remainder when 1545 is divided by 2/10 + (-3352)/(-800)*20.
33
Let p(j) = j**2 + 5*j - 9. Let n(h) = 26*h**2 - 7*h + 2. Calculate the remainder when p(-10) is divided by n(1).
20
Suppose -142*k - 40 = -x - 147*k, -k - 36 = -2*x. Let m = 229 - 113. What is the remainder when m is divided by x?
16
Let o = 1404 - -3118. What is the remainder when o is divided by 26?
24
Suppose 0 = 62*o + 59*o - 150*o + 6438. What is the remainder when 433 is divided by o?
211
Suppose 3*f - 566 = -4*g, -4*f - 94 = 2*g - 872. What is the remainder when 615 is divided by f?
21
Let u = 19539 + -19444. What is the remainder when 4179 is divided by u?
94
Let x(s) = 8*s**2 + 170*s + 517. Calculate the remainder when 1020 is divided by x(-3).
72
Let f(l) = l**3 + 32*l**2 + 29*l + 4. Let g be f(-31). Suppose 510 = 9*r - g. Calculate the remainder when r is divided by 14.
8
Let v = -251 + 223. What is the remainder when 1274 is divided by 2*35/20*(-176)/v?
20
Suppose -2*q - 2 + 60 = 0. Suppose -5*x + 575 = -2*o, -o - 3*o + 319 = 3*x. What is the remainder when x is divided by (q/(-2))/(2/(-4))?
26
Suppose -d - 234 - 268 = -r, -d = 2*r - 995. Calculate the remainder when r is divided by 147.
58
What is the remainder when 4211 is divided by 1488/(-12)*(-44 + 43)?
119
Suppose 12*n - 8 = 28. Let o(f) = f + 5. Calculate the remainder when 20 is divided by o(n).
4
What is the remainder when -3*(-55288)/192 + 14/112 is divided by 44?
28
Suppose 3*k = -3*z + 981, -k + 339 = 9*z - 4*z. Let d = k + -261. Calculate the remainder when d is divided by 23.
17
Let z be ((-3)/((-30)/(-28)))/(13/(-325)). Suppose -62 = -6*r + z. Calculate the remainder when 87 is divided by r.
21
Suppose 13*w - 1834 = -1366. Cal